late the remainder when 361 is divided by 26.
23
Calculate the remainder when 583 is divided by 54.
43
Calculate the remainder when 809 is divided by 81.
80
What is the remainder when 47 is divided by 16?
15
What is the remainder when 1181 is divided by 8?
5
Calculate the remainder when 39 is divided by 35.
4
What is the remainder when 495 is divided by 16?
15
Calculate the remainder when 186 is divided by 9.
6
What is the remainder when 843 is divided by 417?
9
Calculate the remainder when 98 is divided by 28.
14
Calculate the remainder when 340 is divided by 89.
73
What is the remainder when 6620 is divided by 77?
75
What is the remainder when 9800 is divided by 3263?
11
What is the remainder when 726 is divided by 52?
50
Calculate the remainder when 112 is divided by 30.
22
Calculate the remainder when 489 is divided by 251.
238
What is the remainder when 1133 is divided by 363?
44
What is the remainder when 296 is divided by 50?
46
What is the remainder when 3420 is divided by 149?
142
What is the remainder when 1380 is divided by 273?
15
Calculate the remainder when 190 is divided by 48.
46
Calculate the remainder when 654 is divided by 210.
24
Calculate the remainder when 1653 is divided by 3.
0
What is the remainder when 1166 is divided by 43?
5
What is the remainder when 84 is divided by 49?
35
Calculate the remainder when 49 is divided by 26.
23
What is the remainder when 296 is divided by 69?
20
Calculate the remainder when 242 is divided by 6.
2
Calculate the remainder when 41 is divided by 17.
7
What is the remainder when 20 is divided by 9?
2
What is the remainder when 3219 is divided by 23?
22
What is the remainder when 1153 is divided by 379?
16
What is the remainder when 333 is divided by 14?
11
Calculate the remainder when 178 is divided by 37.
30
Calculate the remainder when 276 is divided by 88.
12
Calculate the remainder when 1022 is divided by 31.
30
Calculate the remainder when 1597 is divided by 25.
22
Calculate the remainder when 2242 is divided by 44.
42
Calculate the remainder when 647 is divided by 265.
117
What is the remainder when 1436 is divided by 103?
97
Calculate the remainder when 397 is divided by 80.
77
What is the remainder when 69 is divided by 16?
5
What is the remainder when 1597 is divided by 41?
39
What is the remainder when 31 is divided by 13?
5
What is the remainder when 2897 is divided by 15?
2
Calculate the remainder when 3131 is divided by 1040.
11
What is the remainder when 2212 is divided by 54?
52
Calculate the remainder when 857 is divided by 135.
47
What is the remainder when 228 is divided by 10?
8
What is the remainder when 189 is divided by 43?
17
What is the remainder when 94 is divided by 21?
10
What is the remainder when 285 is divided by 13?
12
What is the remainder when 4558 is divided by 76?
74
What is the remainder when 80 is divided by 11?
3
What is the remainder when 288 is divided by 81?
45
What is the remainder when 618 is divided by 23?
20
Calculate the remainder when 87 is divided by 26.
9
Calculate the remainder when 3227 is divided by 14.
7
What is the remainder when 560 is divided by 94?
90
Calculate the remainder when 849 is divided by 50.
49
What is the remainder when 22 is divided by 12?
10
What is the remainder when 135 is divided by 6?
3
Calculate the remainder when 5768 is divided by 29.
26
Calculate the remainder when 816 is divided by 193.
44
What is the remainder when 6277 is divided by 446?
33
Calculate the remainder when 294 is divided by 11.
8
Calculate the remainder when 294 is divided by 235.
59
Calculate the remainder when 562 is divided by 47.
45
What is the remainder when 1207 is divided by 398?
13
What is the remainder when 535 is divided by 37?
17
What is the remainder when 252 is divided by 206?
46
What is the remainder when 2494 is divided by 78?
76
Calculate the remainder when 2359 is divided by 34.
13
Calculate the remainder when 2497 is divided by 350.
47
Calculate the remainder when 7334 is divided by 131.
129
What is the remainder when 6 is divided by 2?
0
What is the remainder when 64 is divided by 31?
2
What is the remainder when 12 is divided by 8?
4
Calculate the remainder when 61 is divided by 45.
16
What is the remainder when 513 is divided by 43?
40
What is the remainder when 1729 is divided by 450?
379
Calculate the remainder when 502 is divided by 165.
7
Calculate the remainder when 95 is divided by 8.
7
Calculate the remainder when 32 is divided by 4.
0
What is the remainder when 421 is divided by 31?
18
Calculate the remainder when 2038 is divided by 60.
58
What is the remainder when 348 is divided by 13?
10
What is the remainder when 3179 is divided by 1058?
5
Calculate the remainder when 217 is divided by 7.
0
Calculate the remainder when 1495 is divided by 148.
15
What is the remainder when 13569 is divided by 59?
58
Calculate the remainder when 106 is divided by 33.
7
Calculate the remainder when 534 is divided by 135.
129
Calculate the remainder when 1737 is divided by 174.
171
What is the remainder when 4649 is divided by 75?
74
Calculate the remainder when 61 is divided by 39.
22
What is the remainder when 763 is divided by 253?
4
What is the remainder when 47 is divided by 13?
8
Calculate the remainder when 1902 is divided by 68.
66
What is the remainder when 179 is divided by 30?
29
What is the remainder when 800 is divided by 137?
115
What is the remainder when 7150 is divided by 8?
6
What is the remainder when 74 is divided by 30?
14
What is the remainder when 5868 is divided by 57?
54
What is the remainder when 193 is divided by 40?
33
What is the remainder when 158 is divided by 85?
73
Calculate the remainder when 4189 is divided by 167.
14
What is the remainder when 61 is divided by 31?
30
Calculate the remainder when 590 is divided by 15.
5
Calculate the remainder when 26 is divided by 7.
5
What is the remainder when 2918 is divided by 23?
20
Calculate the remainder when 3228 is divided by 14.
8
Calculate the remainder when 439 is divided by 20.
19
What is the remainder when 1642 is divided by 28?
18
What is the remainder when 1375 is divided by 216?
79
What is the remainder when 619 is divided by 99?
25
Calculate the remainder when 471 is divided by 36.
3
Calculate the remainder when 350 is divided by 90.
80
Calculate the remainder when 68 is divided by 7.
5
Calculate the remainder when 224 is divided by 33.
26
What is the remainder when 158 is divided by 41?
35
Calculate the remainder when 198 is divided by 122.
76
What is the remainder when 179 is divided by 90?
89
What is the remainder when 161 is divided by 83?
78
What is the remainder when 3981 is divided by 24?
21
What is the remainder when 2726 is divided by 273?
269
Calculate the remainder when 1057 is divided by 5.
2
Calculate the remainder when 56 is divided by 27.
2
Calculate the remainder when 936 is divided by 134.
132
Calculate the remainder when 107 is divided by 40.
27
What is the remainder when 7622 is divided by 61?
58
What is the remainder when 78 is divided by 10?
8
What is the remainder when 886 is divided by 24?
22
What is the remainder when 7816 is divided by 92?
88
Calculate the remainder when 176 is divided by 31.
21
Calculate the remainder when 114 is divided by 11.
4
What is the remainder when 59 is divided by 34?
25
Calculate the remainder when 598 is divided by 197.
7
Calculate the remainder when 137 is divided by 8.
1
Calculate the remainder when 20 is divided by 6.
2
What is the remainder when 7787 is divided by 236?
235
Calculate the remainder when 528 is divided by 5.
3
Calculate the remainder when 483 is divided by 38.
27
What is the remainder when 999 is divided by 338?
323
What is the remainder when 3467 is divided by 17?
16
Calculate the remainder when 193 is divided by 39.
37
What is the remainder when 495 is divided by 8?
7
Calculate the remainder when 55 is divided by 34.
21
Calculate the remainder when 4516 is divided by 20.
16
What is the remainder when 430 is divided by 16?
14
What is the remainder when 111 is divided by 14?
13
Calculate the remainder when 33 is divided by 7.
5
Calculate the remainder when 3373 is divided by 63.
34
What is the remainder when 107 is divided by 10?
7
Calculate the remainder when 1501 is divi